40?
8585
In base 2, what is 110001110 + 10010110111101?
10011101001011
In base 13, what is 35650 - 155?
354c8
In base 10, what is 59 + 1535248?
1535307
In base 8, what is -363636 + -224?
-364062
In base 5, what is 302442 - 1303030?
-1000033
In base 2, what is -100011011101101101001010 - 101?
-100011011101101101001111
In base 6, what is 2 + 1045342135?
1045342141
In base 16, what is -c19ce3 - 8?
-c19ceb
In base 8, what is -576144 - 122?
-576266
In base 4, what is 11032022021331 - 2?
11032022021323
In base 15, what is 12484 - -6c?
12501
In base 10, what is -820016 + -7?
-820023
In base 10, what is -35713 + 19?
-35694
In base 5, what is 2 - 334100212?
-334100210
In base 13, what is 99 - 255c1?
-25525
In base 4, what is -2012133120331 + -2?
-2012133120333
In base 13, what is 6279c2b + 9?
6279c37
In base 15, what is -5185b + 8c4?
-50e87
In base 11, what is -22 - 178957?
-178979
In base 5, what is 223334403200 + 0?
223334403200
In base 7, what is 0 - 615646616?
-615646616
In base 8, what is 5 - 440242736?
-440242731
In base 8, what is -42135020 - 4?
-42135024
In base 15, what is 2e + -2736?
-2707
In base 11, what is 1794a7 - -614?
17a010
In base 5, what is 23402 - 131410?
-103003
In base 12, what is 27777 - -a0b?
28586
In base 4, what is -2002323000 - 31100?
-2003020100
In base 15, what is 559 + -267d?
-2124
In base 16, what is 5976 - -40b?
5d81
In base 11, what is -3412831 + 3?
-3412829
In base 5, what is -1 - 213132414?
-213132420
In base 7, what is -3 - -1143551361?
1143551355
In base 9, what is -2843225 - 0?
-2843225
In base 14, what is -7a91c + 84?
-7a878
In base 8, what is 723 - 440674?
-437751
In base 9, what is -357 + 51683?
51325
In base 9, what is 2605627 + 4?
2605632
In base 6, what is -1045153043 - 31?
-1045153114
In base 2, what is 1110 + 1000000010101111011?
1000000010110001001
In base 16, what is -7c - -157691?
157615
In base 4, what is 1 - -3231112212202?
3231112212203
In base 8, what is 704666501 - 1?
704666500
In base 2, what is 11001010 - 101101000000100000?
-101100111101010110
In base 3, what is 12121000211222001 - -20?
12121000211222021
In base 11, what is -118 + 2756634?
2756517
In base 10, what is 22975 + 2938?
25913
In base 12, what is 307ab - 381?
3042a
In base 12, what is 21a69 - 27?
21a42
In base 6, what is 30330 - -5151?
35521
In base 13, what is 6 + 3c400b?
3c4014
In base 5, what is -202242 - -4130?
-143112
In base 4, what is -131 + 223230133011?
223230132220
In base 13, what is 17 + 242c67c?
242c696
In base 12, what is -6b3 + 4503?
3a10
In base 2, what is 1100 - -110101100111101101100001?
110101100111101101101101
In base 5, what is -3 - -404242011?
404242003
In base 13, what is -b6b0a + 1?
-b6b09
In base 2, what is 100 + 111101010011010100101100111?
111101010011010100101101011
In base 6, what is 1 + -101223151?
-101223150
In base 10, what is -127 - 71107?
-71234
In base 11, what is 83 - 881a5?
-88122
In base 16, what is 60 + 11de86?
11dee6
In base 14, what is -18dd2b9 + -4?
-18dd2bd
In base 7, what is -240 + -13310623?
-13311163
In base 16, what is 4589d3 - -2?
4589d5
In base 14, what is -22c5d68 + 4?
-22c5d64
In base 3, what is -120221021 - 1222211?
-122221002
In base 9, what is 78 - 4200638?
-4200550
In base 5, what is 1100144321 + -10?
1100144311
In base 15, what is 3b + -e001e?
-deed3
In base 9, what is -1465100 - 2268?
-1467368
In base 11, what is 60613 + -64a?
5aa74
In base 8, what is 5545 + 12507?
20254
In base 9, what is 16653 + -2216?
14436
In base 2, what is -11 + 1101111010000111001011110?
1101111010000111001011011
In base 2, what is 10 - 110000100101000011100111?
-110000100101000011100101
In base 5, what is -1341141403 - 223?
-1341142131
In base 10, what is -127 + 1464594?
1464467
In base 5, what is 13231421 + 312?
13232233
In base 9, what is -40 + -1122388?
-1122438
In base 13, what is 42584a + -76?
4257a4
In base 9, what is 13545 - -664?
14320
In base 10, what is -430014 - 16?
-430030
In base 3, what is -1002121100 - 2122120?
-1012020220
In base 10, what is 12361711 + 16?
12361727
In base 10, what is -41 + -17832118?
-17832159
In base 8, what is 46 - 1542134?
-1542066
In base 2, what is -1111000110011110001011 + -1000?
-1111000110011110010011
In base 9, what is 1 - 75660635?
-75660634
In base 9, what is -8616737 - 8?
-8616746
In base 3, what is 1112000 + -210001122?
-201112122
In base 5, what is 1042020003102 - 1?
1042020003101
In base 15, what is 2 - 568647?
-568645
In base 14, what is 18d05 + 74?
18d79
In base 4, what is -2122131102 + 3?
-2122131033
In base 8, what is -104 - 104442?
-104546
In base 7, what is 30061 - 213650?
-153556
In base 5, what is -2220323201 + 10?
-2220323141
In base 10, what is 21704652 - 6?
21704646
In base 16, what is -441cf + b6?
-44119
In base 10, what is 125560 - 74?
125486
In base 15, what is -27812 - -14?
-277ed
In base 4, what is 202113133 - -3202?
202123001
In base 5, what is 313024334 - -20?
313024404
In base 3, what is -1 - 22220122210021001?
-22220122210021002
In base 4, what is -13 + 3101032010200?
3101032010121
In base 9, what is -3 + 100466744?
100466741
In base 3, what is -1000111 - 11110221200?
-11111222011
In base 12, what is 2542 - 1b5b?
5a3
In base 9, what is -144 - -1073225?
1073071
In base 16, what is -9 - -f03120?
f03117
In base 16, what is -72 - -3c93?
3c21
In base 2, what is 1111001110100000010 + -100?
1111001110011111110
In base 3, what is 1101211 - -1011110012?
1012212000
In base 3, what is 1021012012011121000 - 10?
1021012012011120220
In base 8, what is -4 + 277713223?
277713217
In base 12, what is 1 - 12713?
-12712
In base 7, what is -122620513 + 20?
-122620463
In base 6, what is -2444 - -1125103?
1122215
In base 7, what is 24 - 112123520?
-112123463
In base 9, what is -1005 - 262?
-1267
In base 14, what is 8cc + -10?
8bc
In base 11, what is -1a0617 - -446?
-1a0181
In base 14, what is 3 + -12d104ab?
-12d104a8
In base 12, what is -346143 + 5?
-34613a
In base 11, what is -2 + -a9a5566?
-a9a5568
In base 7, what is -61045122 - 2?
-61045124
In base 6, what is -15 + -51125041?
-51125100
In base 11, what is -1585760 - -64?
-15856a7
In base 16, what is -1 - -30588d6?
30588d5
In base 9, what is -7255 - -40257?
32002
In base 4, what is -303 + 1123133322?
1123133013
In base 12, what is -b + -550481?
-550490
In base 6, what is -1353151 + 141?
-1353010
In base 15, what is -10b1 + 1272?
1b1
In base 14, what is 10db60c + -1?
10db60b
In base 7, what is -2410141 - -65?
-2410043
In base 5, what is 2 + -13120222?
-13120220
In base 15, what is -cd + 3d98?
3cba
In base 9, what is 6368 + -570?
5688
In base 3, what is 10212 - -1101120212020?
1101121000002
In base 16, what is -4ef01 - -4c0?
-4ea41
In base 4, what is -202222013 - 2010?
-202230023
In base 6, what is 1554 + -2300553?
-2254555
In base 3, what is 201212211201210011 + 10?
201212211201210021
In base 3, what is -110012112221 - -10?
-110012112211
In base 2, what is -1110000100110101100011 + 11?
-1110000100110101100000
In base 12, what is -147 - -79a0?
7855
In base 12, what is -91aa683 - 2?
-91aa685
In base 9, what is 74 + 226262?
226346
In base 14, what is d0307 - -24?
d032b
In base 10, what is 377024 - -43?
377067
In base 15, what is -33 - -28760c?
2875c9
In base 8, what is 624 - 11721?
-11075
In base 11, what is 13 + a10285?
a10298
In base 4, what is -322 - -10332301?
10331313
In base 2, what is -1001111 + -111110101101111110?
-111110101111001101
In base 10, what is -822 + 260491?
259669
In base 11, what is 87701711 + 4?
87701715
In base 10, what is 92567905 + -4?
92567901
In base 9, what is -2728778 - -84?
-2728684
In base 10, what is 14583 + -34?
14549
In base 9, what is -1 - -4738570?
4738568
In base 12, what is 184 + -10b591?
-10b409
In base 8, what is 3 - -5624641?
5624644
In base 10, what is 3 + 13071700?
13071703
In base 3, what is -111122202 - 20212?
-111220121
In base 7, what is -3 + 134261201?
134261165
In base 16, what is 0 + 145fa8?
145fa8
In base 15, what is -484 - 1b89b?
-1bd30
In base 5, what is 10 - -243401340?
243401400
In base 5, what is 4340332 + 1?
4340333
In base 6, what is 5151 - -14120505?
14130100
In base 3, what is -11 - -100011221221022?
100011221221011
In base 5, what is 102103001320 + -3?
102103001312
In base 10, what is 326209978 + -1?
326209977
In base 3, what is 20021 - -1021021011